 the prime factors of 273992.
2, 29, 1181
List the prime factors of 1724907.
3, 574969
What are the prime factors of 108185?
5, 7, 11, 281
List the prime factors of 6553159.
29, 89, 2539
What are the prime factors of 968752?
2, 191, 317
List the prime factors of 2266952.
2, 283369
What are the prime factors of 7762024?
2, 29, 33457
List the prime factors of 6844088.
2, 855511
List the prime factors of 11842992.
2, 3, 7, 31, 379
What are the prime factors of 1770525?
3, 5, 43, 61
What are the prime factors of 5661775?
5, 7, 32353
What are the prime factors of 15175964?
2, 211, 17981
List the prime factors of 16162593.
3, 2089, 2579
What are the prime factors of 268576?
2, 7, 11, 109
What are the prime factors of 602846?
2, 301423
List the prime factors of 6816353.
439, 15527
What are the prime factors of 389?
389
List the prime factors of 2953375.
5, 23627
List the prime factors of 366923.
366923
List the prime factors of 87899.
7, 29, 433
What are the prime factors of 41984?
2, 41
What are the prime factors of 1526183?
29, 52627
List the prime factors of 721901.
23, 31387
What are the prime factors of 22623454?
2, 7, 641, 2521
What are the prime factors of 312923?
13, 24071
List the prime factors of 3488917.
3488917
List the prime factors of 31769606.
2, 11, 31, 37, 1259
List the prime factors of 970833.
3, 29, 11159
List the prime factors of 10356518.
2, 41, 53, 2383
List the prime factors of 79321.
11, 7211
What are the prime factors of 896295?
3, 5, 59753
List the prime factors of 1596992.
2, 24953
What are the prime factors of 119620?
2, 5, 5981
What are the prime factors of 740073?
3, 43, 5737
List the prime factors of 34805004.
2, 3, 13, 47, 101
List the prime factors of 11526099.
3, 13, 295541
What are the prime factors of 2333269?
41, 56909
What are the prime factors of 7938352?
2, 19, 26113
What are the prime factors of 3092845?
5, 7, 97, 911
List the prime factors of 530332.
2, 11, 17, 709
What are the prime factors of 945866?
2, 61, 7753
What are the prime factors of 931941?
3, 103549
List the prime factors of 109405.
5, 21881
What are the prime factors of 729782?
2, 364891
What are the prime factors of 3382766?
2, 449, 3767
List the prime factors of 1195892.
2, 53, 5641
List the prime factors of 1244662.
2, 622331
What are the prime factors of 9731791?
29, 335579
What are the prime factors of 4798514?
2, 7, 29, 53, 223
What are the prime factors of 27875471?
13, 23, 93229
List the prime factors of 2850669.
3, 383, 827
List the prime factors of 5050685.
5, 23, 37, 1187
What are the prime factors of 1696739?
11, 73, 2113
What are the prime factors of 8706737?
13, 17, 39397
What are the prime factors of 1572346?
2, 786173
What are the prime factors of 782405?
5, 13, 12037
What are the prime factors of 437643?
3, 1801
What are the prime factors of 3420427?
3420427
What are the prime factors of 27367254?
2, 3, 41, 47, 263
List the prime factors of 19061247.
3, 463, 13723
What are the prime factors of 2166949?
2166949
What are the prime factors of 3103792?
2, 17, 11411
What are the prime factors of 248182?
2, 11, 29, 389
List the prime factors of 1789506.
2, 3, 31, 1069
What are the prime factors of 28780081?
11, 2616371
What are the prime factors of 27901391?
7, 1151, 3463
What are the prime factors of 34477?
23, 1499
What are the prime factors of 703751?
797, 883
What are the prime factors of 56077?
7, 8011
List the prime factors of 15143086.
2, 7, 269, 4021
What are the prime factors of 217587?
3, 29, 41, 61
What are the prime factors of 612197?
577, 1061
What are the prime factors of 179004?
2, 3, 7, 2131
What are the prime factors of 23678528?
2, 419, 883
What are the prime factors of 21240?
2, 3, 5, 59
What are the prime factors of 7581464?
2, 11, 101, 853
List the prime factors of 1484694.
2, 3, 82483
List the prime factors of 1141273.
7, 19, 8581
List the prime factors of 4073393.
769, 5297
List the prime factors of 36545527.
61, 617, 971
What are the prime factors of 867391?
7, 17, 37, 197
What are the prime factors of 419592?
2, 3, 17483
What are the prime factors of 14065885?
5, 17, 127, 1303
What are the prime factors of 440946?
2, 3, 11, 17, 131
List the prime factors of 4402249.
4402249
What are the prime factors of 633674?
2, 101, 3137
List the prime factors of 106935.
3, 5, 7129
What are the prime factors of 286727?
7, 40961
List the prime factors of 431745.
3, 5, 107, 269
What are the prime factors of 124001?
124001
List the prime factors of 40526.
2, 23, 881
List the prime factors of 118282.
2, 59141
What are the prime factors of 3221836?
2, 251, 3209
What are the prime factors of 554076?
2, 3, 15391
What are the prime factors of 570933?
3, 11, 73, 79
List the prime factors of 1785078.
2, 3, 3673
What are the prime factors of 3719059?
3719059
List the prime factors of 161227.
11, 14657
List the prime factors of 43767.
3, 1621
What are the prime factors of 7923692?
2, 7, 40427
List the prime factors of 7541593.
89, 84737
List the prime factors of 391057.
391057
List the prime factors of 705057.
3, 199, 1181
What are the prime factors of 617581?
701, 881
What are the prime factors of 1331050?
2, 5, 7, 3803
What are the prime factors of 6340750?
2, 5, 13, 1951
What are the prime factors of 113003?
11, 10273
List the prime factors of 1567394.
2, 37, 59, 359
What are the prime factors of 292572?
2, 3, 7, 43
List the prime factors of 4588821.
3, 83, 6143
What are the prime factors of 1230024?
2, 3, 53, 967
What are the prime factors of 6264359?
37, 169307
List the prime factors of 14262366.
2, 3, 1231, 1931
What are the prime factors of 29353889?
1949, 15061
List the prime factors of 397048.
2, 31, 1601
What are the prime factors of 223088?
2, 73, 191
List the prime factors of 340669.
7, 41, 1187
List the prime factors of 2080001.
7, 11, 17, 227
What are the prime factors of 226606?
2, 29, 3907
List the prime factors of 3885138.
2, 3, 71947
What are the prime factors of 262626?
2, 3, 7, 13, 37
What are the prime factors of 393257?
393257
What are the prime factors of 1761043?
47, 89, 421
List the prime factors of 1151050.
2, 5, 23021
What are the prime factors of 1279122?
2, 3, 13, 23, 31
What are the prime factors of 17034095?
5, 13, 503, 521
List the prime factors of 3360435.
3, 5, 13, 19, 907
What are the prime factors of 1145938?
2, 572969
What are the prime factors of 2876906?
2, 409, 3517
What are the prime factors of 20389766?
2, 17, 599699
What are the prime factors of 386863?
59, 79, 83
What are the prime factors of 4968698?
2, 7, 7243
List the prime factors of 4424551.
1129, 3919
List the prime factors of 741008.
2, 29, 1597
List the prime factors of 4291126.
2, 7, 43787
What are the prime factors of 8837532?
2, 3, 11, 43, 173
List the prime factors of 4444781.
11, 43, 9397
List the prime factors of 13082122.
2, 6541061
What are the prime factors of 122849?
122849
List the prime factors of 1323690.
2, 3, 5, 44123
List the prime factors of 32360426.
2, 7, 251, 9209
List the prime factors of 5040499.
41, 122939
List the prime factors of 928823.
7, 132689
List the prime factors of 14910009.
3, 1543, 3221
List the prime factors of 8545215.
3, 5, 7, 97, 839
What are the prime factors of 7866008?
2, 149, 6599
What are the prime factors of 2832608?
2, 17, 41, 127
List the prime factors of 3331944.
2, 3, 7, 11, 601
What are the prime factors of 3349319?
269, 12451
List the prime factors of 1078079.
19, 23, 2467
List the prime factors of 551407.
551407
List the prime factors of 153075.
3, 5, 13, 157
List the prime factors of 8514588.
2, 3, 37, 127, 151
What are the prime factors of 117600?
2, 3, 5, 7
List the prime factors of 1529373.
3, 29, 17579
What are the prime factors of 270795?
3, 5, 7, 2579
List the prime factors of 68931.
3, 23, 37
List the prime factors of 16051582.
2, 41, 195751
List the prime factors of 28567.
7, 11, 53
What are the prime factors of 1049190?
2, 3, 5, 41, 853
List the prime factors of 19915812.
2, 3, 7, 79031
List the prime factors of 180622.
2, 13, 6947
List the prime factors of 6852960.
2, 3, 5, 4759
List the prime factors of 2781539.
61, 45599
List the prime factors of 1184907.
3, 394969
What are the prime factors of 13816854?
2, 3, 767603
What are the prime factors of 3098121?
3, 13, 19, 